f 19651?
1
What is the units digit of 278?
8
What is the thousands digit of 5747?
5
What is the hundred thousands digit of 132807?
1
What is the tens digit of 965?
6
What is the ten thousands digit of 15047?
1
What is the units digit of 680?
0
What is the ten thousands digit of 48297?
4
What is the thousands digit of 24421?
4
What is the units digit of 576?
6
What is the thousands digit of 39473?
9
What is the units digit of 77068?
8
What is the units digit of 14849?
9
What is the tens digit of 2123?
2
What is the tens digit of 604?
0
What is the tens digit of 1916?
1
What is the tens digit of 1865?
6
What is the tens digit of 14620?
2
What is the ten thousands digit of 62641?
6
What is the units digit of 17554?
4
What is the thousands digit of 4001?
4
What is the thousands digit of 14104?
4
What is the tens digit of 9141?
4
What is the units digit of 1152?
2
What is the thousands digit of 1799?
1
What is the units digit of 23?
3
What is the tens digit of 2125?
2
What is the tens digit of 5727?
2
What is the units digit of 663?
3
What is the hundreds digit of 8897?
8
What is the thousands digit of 18797?
8
What is the hundreds digit of 7104?
1
What is the tens digit of 21547?
4
What is the ten thousands digit of 59518?
5
What is the units digit of 23236?
6
What is the tens digit of 61?
6
What is the units digit of 2866?
6
What is the hundreds digit of 434?
4
What is the units digit of 2350?
0
What is the tens digit of 95?
9
What is the units digit of 448?
8
What is the hundreds digit of 1799?
7
What is the tens digit of 4815?
1
What is the thousands digit of 14786?
4
What is the units digit of 891?
1
What is the tens digit of 844?
4
What is the ten thousands digit of 15788?
1
What is the hundreds digit of 18593?
5
What is the tens digit of 786?
8
What is the tens digit of 90473?
7
What is the units digit of 1657?
7
What is the tens digit of 2297?
9
What is the thousands digit of 11426?
1
What is the thousands digit of 2060?
2
What is the tens digit of 1058?
5
What is the thousands digit of 5309?
5
What is the tens digit of 17414?
1
What is the units digit of 369?
9
What is the hundreds digit of 16548?
5
What is the hundred thousands digit of 112709?
1
What is the units digit of 4366?
6
What is the units digit of 16644?
4
What is the units digit of 4920?
0
What is the hundreds digit of 2549?
5
What is the tens digit of 560?
6
What is the tens digit of 3524?
2
What is the units digit of 41093?
3
What is the tens digit of 2132?
3
What is the tens digit of 740?
4
What is the hundreds digit of 282?
2
What is the tens digit of 66653?
5
What is the units digit of 605?
5
What is the units digit of 3531?
1
What is the units digit of 10886?
6
What is the ten thousands digit of 16049?
1
What is the hundreds digit of 1493?
4
What is the hundreds digit of 1516?
5
What is the ten thousands digit of 23268?
2
What is the hundreds digit of 1414?
4
What is the ten thousands digit of 26169?
2
What is the tens digit of 10780?
8
What is the tens digit of 640?
4
What is the hundreds digit of 3944?
9
What is the tens digit of 1979?
7
What is the thousands digit of 6671?
6
What is the hundreds digit of 347?
3
What is the units digit of 4517?
7
What is the ten thousands digit of 11535?
1
What is the units digit of 2?
2
What is the hundreds digit of 7670?
6
What is the hundreds digit of 1209?
2
What is the hundreds digit of 16224?
2
What is the tens digit of 1248?
4
What is the thousands digit of 11460?
1
What is the tens digit of 829?
2
What is the units digit of 18231?
1
What is the units digit of 484?
4
What is the units digit of 577?
7
What is the hundred thousands digit of 104176?
1
What is the tens digit of 5041?
4
What is the thousands digit of 13739?
3
What is the hundreds digit of 2099?
0
What is the tens digit of 36895?
9
What is the ten thousands digit of 75555?
7
What is the tens digit of 61349?
4
What is the units digit of 5370?
0
What is the units digit of 2433?
3
What is the tens digit of 555?
5
What is the tens digit of 3898?
9
What is the ten thousands digit of 62761?
6
What is the thousands digit of 53325?
3
What is the hundreds digit of 9480?
4
What is the tens digit of 477?
7
What is the hundreds digit of 17504?
5
What is the hundreds digit of 394?
3
What is the thousands digit of 5410?
5
What is the hundreds digit of 3045?
0
What is the ten thousands digit of 11565?
1
What is the hundreds digit of 7339?
3
What is the ten thousands digit of 65403?
6
What is the thousands digit of 9181?
9
What is the tens digit of 5625?
2
What is the units digit of 9641?
1
What is the units digit of 2315?
5
What is the thousands digit of 65558?
5
What is the hundreds digit of 651?
6
What is the thousands digit of 3336?
3
What is the units digit of 263?
3
What is the hundreds digit of 1563?
5
What is the tens digit of 121?
2
What is the tens digit of 1242?
4
What is the thousands digit of 1343?
1
What is the thousands digit of 29626?
9
What is the ten thousands digit of 12622?
1
What is the tens digit of 9189?
8
What is the units digit of 5744?
4
What is the units digit of 1199?
9
What is the thousands digit of 6300?
6
What is the tens digit of 95677?
7
What is the thousands digit of 2128?
2
What is the units digit of 8304?
4
What is the tens digit of 1313?
1
What is the hundreds digit of 825?
8
What is the tens digit of 79375?
7
What is the tens digit of 787?
8
What is the tens digit of 7193?
9
What is the units digit of 1691?
1
What is the thousands digit of 5280?
5
What is the tens digit of 1249?
4
What is the tens digit of 38577?
7
What is the hundreds digit of 1621?
6
What is the tens digit of 208?
0
What is the units digit of 64840?
0
What is the thousands digit of 2619?
2
What is the ten thousands digit of 90527?
9
What is the thousands digit of 1038?
1
What is the hundreds digit of 28855?
8
What is the units digit of 1680?
0
What is the tens digit of 2700?
0
What is the ten thousands digit of 17596?
1
What is the thousands digit of 7521?
7
What is the ten thousands digit of 22449?
2
What is the hundreds digit of 15042?
0
What is the tens digit of 5738?
3
What is the ten thousands digit of 11244?
1
What is the tens digit of 17898?
9
What is the thousands digit of 37337?
7
What is the units digit of 9466?
6
What is the units digit of 1724?
4
What is the thousands digit of 50346?
0
What is the units digit of 615?
5
What is the tens digit of 621?
2
What is the thousands digit of 1253?
1
What is the ten thousands digit of 29774?
2
What is the tens digit of 2290?
9
What is the hundreds digit of 104427?
4
What is the units digit of 6831?
1
What is the tens digit of 15272?
7
What is the hundreds digit of 727?
7
What is the thousands digit of 2884?
2
What is the hundreds digit of 863?
8
What is the hundreds digit of 160?
1
What is the tens digit of 3845?
4
What is the tens digit of 3916?
1
What is the hundreds digit of 965?
9
What is the tens digit of 8032?
3
What is the tens digit of 2888?
8
What is the units digit of 1556?
6
What is the hundreds digit of 739?
7
What is the tens digit of 3571?
7
What is the ten thousands digit of 38371?
3
What is the units digit of 70015?
5
What is the hundreds digit of 4517?
5
What is the hundreds digit of 2398?
3
What is the tens digit of 31384?
8
What is the tens digit of 42?
4
What is the hundreds digit of 849?
8
What is the tens digit of 772?
7
What is the hundreds digit of 467?
4
What is the units digit of 3806?
6
What is the tens digit of 3578?
7
What is the hundreds digit of 193?
1
What is the hundreds digit of 2356?
3
What is the ten thousands digit of 13098?
1
What is the tens digit of 7557?
5
What is the tens digit of 2098?
9
What is the tens digit of 1446?
4
What is the hundreds digit of 4675?
6
What is the ten thousands digit of 73553?
7
What is the thousands digit of 210287?
0
What is the hundreds digit of 8630?
6
What is the tens digit of 955?
5
What is the hundreds digit of 6165?
1
What is the hundreds digit of 159?
1
What is the units digit of 93?
3
What is the units digit of 664?
4
What is the hundreds digit of 1919?
9
What is the tens digit of 4196?
9
What is the ten thousands digit of 95013?
9
What is the tens digit of 292?
9
What is the tens digit of 9802?
0
What is the units digit of 43674?
4
What is the uni